y g.
139
Let s(v) = v**2 - 5*v + 6. Let y be s(4). Suppose 5*a - 4*j - 93 - y = 0, -a = 3*j. Calculate the remainder when a is divided by -1 - 1*(-12 + 3).
7
Let i(f) = 17*f + 2. Let g(w) = 2*w**2 + 72*w - 128. What is the remainder when i(4) is divided by g(-38)?
22
Let r = 122 - 23. What is the remainder when r is divided by 51?
48
Let k = 1922 - 1912. What is the remainder when 246 is divided by k?
6
Suppose -4*l + 146 = -3*k, 3*l + 2*k = 4*k + 110. Calculate the remainder when 71 is divided by l.
33
Suppose 3*c - 24 = -3*w, -3*c + 0*w = -4*w - 38. Let i(y) = 126*y + 649. What is the remainder when i(-5) is divided by c?
9
Suppose -c + 8 = -0*c. What is the remainder when ((0 - -1)/(-1))/(10/(-290)) is divided by c?
5
What is the remainder when 120/14*21/3 is divided by 1298/177*(4/(-2) - -5)?
16
Suppose 3*w - 7*l = -12*l + 58, 5*l = -w + 36. Suppose -3*b - b + 168 = 0. Calculate the remainder when b is divided by w.
9
Suppose 0 = -4*o + 4*i + 22 + 14, -3*o + 23 = -i. Let g = -2 - -14. What is the remainder when g is divided by o?
5
Suppose -2*f + 7*f + 4*y = 111, -5*f - 2*y + 113 = 0. Let w = 42 - f. Calculate the remainder when 73 is divided by w.
16
Let b = 339 + -156. What is the remainder when b is divided by 38?
31
Let t(v) = v + 29. Suppose 4*d + 4*r = 2*d - 10, -4*r = 4*d. Suppose 0 = d*y + 25 - 200. What is the remainder when y is divided by t(-17)?
11
Let n(u) = u**3 - 5*u**2 - 5*u - 8. Let s be n(9). Suppose 8*d - s - 25 = 0. Calculate the remainder when d is divided by 10.
7
Let y(b) = -b**3 + 14*b**2 + 2. Let u(l) = l**2 + 6*l. Let d be u(-5). Let q(t) = -3*t - 14. Calculate the remainder when y(14) is divided by q(d).
0
What is the remainder when 94 is divided by 22 - 10/30*-3?
2
Let h(i) = i**3 + 6*i**2 + 6*i + 6. Let p be h(-2). Suppose -u - 4*u - p = 0, x - 9 = 2*u. Calculate the remainder when 9 is divided by x.
4
Let b(l) = -3*l + 104. Calculate the remainder when b(13) is divided by 27.
11
Let p = -4 + 8. Suppose 4*r = 5*b - 36, p*b = -r - 0 + 12. Let f = -68 + 81. What is the remainder when f is divided by b?
1
Suppose 9*r - 13*r = -28. Suppose -r = -5*u + 43. What is the remainder when 48 is divided by u?
8
Suppose 35*b - 37*b + 10 = 0. Suppose 2*f - 43 = 4*j - b, 23 = 2*f + j. Calculate the remainder when f is divided by 8.
5
Suppose s - 4*l + 5 = 0, 0 = 5*s - 8*s + 5*l - 1. Calculate the remainder when s is divided by 3.
0
Let f(x) = 2*x**3 - 28*x**2 + 4*x - 32. Let i = -50 - -215. What is the remainder when i is divided by f(14)?
21
Let b(q) be the third derivative of -q**6/120 + 7*q**5/60 + q**4/12 + q**3/6 + 10*q**2. Calculate the remainder when 28 is divided by b(7).
13
Let c be (8/(-3))/(12/(-18)). Suppose -c*a + 87 = -a. Suppose 3*i - k = 49, i = -2*k - 0*k + 7. What is the remainder when a is divided by i?
14
Let t be ((-11)/(-2))/((-7)/(-14)). Let o = t - -12. What is the remainder when o is divided by 13?
10
Suppose l = k + 2*l - 77, -3*k + 4*l = -245. What is the remainder when k is divided by 10?
9
Let k(m) = -m**3 + 45*m**2 + 6*m - 245. Calculate the remainder when 66 is divided by k(45).
16
Let c be (-3)/(-18)*(9 + -3). Let s be -2 - (-9 + 4)*c. Suppose s*a - 4*v - 48 = -v, 3*v = -2*a + 12. Calculate the remainder when a is divided by 4.
0
Suppose -3*d + d + 12 = 0. Suppose -9*w + 297 = -d*w. Calculate the remainder when w is divided by 25.
24
Let t(d) = -341*d - 9. What is the remainder when t(-1) is divided by 67?
64
Suppose 3*o + 4*w = -2*o + 80, -27 = -o - 3*w. What is the remainder when 82 is divided by o?
10
Suppose -2*v = -4*j - 4, 4*v - 4*j - 18 = -6*j. What is the remainder when (-222)/v*6/(-9) is divided by 10?
7
Suppose 2*x + 3*x = -120. Let f = -62 - x. Let q = f + 66. What is the remainder when 82 is divided by q?
26
Let d(q) be the first derivative of -q**2/2 + 5*q + 12. Calculate the remainder when d(-12) is divided by 5.
2
Let a = -1086 + 1103. What is the remainder when 65 is divided by a?
14
Suppose 2*b + 69 = 5*b. What is the remainder when b is divided by -8 - (-110)/15 - 52/(-6)?
7
What is the remainder when 207 is divided by 235/15*1 + (-4)/6?
12
Calculate the remainder when 45 is divided by (-1)/(0 - (-1)/(-30)).
15
Suppose 0 = -7*h + 5*h - 4. Let y(f) = f**3 + 3*f**2 - f - 1. Let j be y(h). Let m = j + 12. What is the remainder when m is divided by 9?
8
What is the remainder when (0 + (-50)/3)/((-169)/2535) is divided by 15?
10
Suppose -2*z = -z - 4. Suppose 3*q = -z*d + 2, 0 = -q + 2*d + 10 + 4. Suppose 2*m - q*m = -76. What is the remainder when m is divided by 4?
3
Let l be 36/4*(-1)/3. Let v(j) = -j**3 - 3*j**2 - 2*j + 1. Suppose 3*i - 15 = 0, 4*d = -5*i + 78 + 23. Calculate the remainder when d is divided by v(l).
5
Suppose 223*l - 246*l = -782. Let x be (-3 + 0 - 1)*2. Calculate the remainder when l is divided by x*(18/(-8))/1.
16
Suppose -3*c + 26 = 8. Let w(f) be the first derivative of f**4/4 - 4*f**3/3 - 9*f**2/2 + 9*f + 14. Calculate the remainder when 79 is divided by w(c).
25
Let p(w) be the second derivative of 0 + 1/6*w**4 - 1/20*w**5 + 1/2*w**2 + 9*w + 1/3*w**3. Calculate the remainder when p(-2) is divided by 3.
1
Let k = 26 + -21. Suppose -4*n + 4*o + 32 = 0, 0*n + 2*o + 28 = k*n. Calculate the remainder when n is divided by 3.
1
Suppose -19*s + 15*s + 16 = 0. Suppose 0 = -s*p + 7*p - 72. What is the remainder when p is divided by 9?
6
Let h = -294 - -298. Calculate the remainder when (-1 - 6) + 4 - -19 is divided by h.
0
Suppose -4*l = -7*l + 3144. Suppose -l = -3*u - 5*u. What is the remainder when u is divided by 44?
43
Suppose 5*j = u - 124, u - 3*j = 2*u - 108. Calculate the remainder when u is divided by 90/10 + -7 - -1*37.
36
Let c(t) = -t**3 + 22*t**2 + 21*t + 48. Let u be c(23). Suppose -2*j + u + 20 = 0. Calculate the remainder when 152 is divided by j.
9
Suppose 0 = j - 3 - 83. Let x = -35 - 7. Let s = 64 + x. What is the remainder when j is divided by s?
20
Suppose -12*t + 198 + 114 = 0. What is the remainder when 111 is divided by t?
7
Suppose 0 = 17*u - 12*u + 4*g - 317, 2*g = -4*u + 250. Calculate the remainder when u is divided by (-4)/6 + (-150)/(-9).
13
What is the remainder when 1/(-5*(-6)/1800) is divided by 22?
16
Let s(n) = n**3 + 6*n**2 - 8*n - 2. Let h be s(-7). Let i(f) = -f**3 + 3*f**2 + 12*f - 6. Calculate the remainder when i(h) is divided by 2.
0
Let p(o) = -o**2 - 8*o - 3. Let y be p(-5). Let k be (-129)/6*y/6. Let v = 81 + k. Calculate the remainder when v is divided by 10.
8
Let f(l) = l - 18. Let b be f(14). What is the remainder when 5 is divided by (-147)/(-84) - 1/b?
1
Suppose -4*s - 200 = -14*s. What is the remainder when 71 is divided by (19/4)/((2 + 3)/s)?
14
Suppose 5*p = -3 + 18. Suppose -4*i = 4*x - 132, -5*x + 125 = p*i + 20. Calculate the remainder when i is divided by 8.
6
Suppose -3*n = -2*l - 58, 4*l = -0*l - 20. What is the remainder when 189 is divided by n?
13
Suppose 13 + 17 = 6*f. Calculate the remainder when 121 is divided by f.
1
Let i = 25 - 25. Suppose i = -9*y + 3*y + 78. Suppose 4*v - 3 = y. Calculate the remainder when v is divided by 2.
0
Suppose -3*k + l - 4 = -l, 0 = -k + l - 3. Let s(b) = -2*b**2 - 3 + 0*b**2 + 2*b - 5*b + 3*b**k. Calculate the remainder when 89 is divided by s(6).
14
What is the remainder when 18 is divided by (((-18)/(-4))/(-3))/((-48)/160)?
3
What is the remainder when (1194/(-18))/(((-5)/(-3))/(-5)) is divided by 50?
49
Suppose -2*g + 284 = 4*b, 3*g = -2*g - 10. Calculate the remainder when b is divided by 37.
35
Suppose -10*t + 15*t - 200 = 0. Calculate the remainder when 72 is divided by t.
32
Suppose 0*b - 76 = -2*b. Let j = b - 23. Let o = -13 + j. Calculate the remainder when 8 is divided by o.
0
Let g = 0 - -1. Let o be (g/3)/(1/(-3)). Calculate the remainder when 23 is divided by (0 + o)/((-4)/52).
10
Suppose 0 = -0*p + 4*p - 28. Let t = 12 - p. What is the remainder when t is divided by 5?
0
What is the remainder when (-57)/(-6)*(-10)/(-5) is divided by (-1072)/(-80) - 6/(-10)?
5
Suppose 6*r = 5*m + 10*r - 1745, -3*m + 5*r = -1047. Calculate the remainder when m is divided by 89.
82
Let r = 123 + -107. What is the remainder when 29 is divided by r?
13
Let c(g) = -6*g + 61. What is the remainder when c(-8) is divided by 11?
10
Let r be (-2 - -21) + 6 + -2. Suppose -2*y